rivative of h(o). Calculate b(-5).
4
Let l(f) be the first derivative of f**2/2 - f - 3. Let j be (-6)/(-9)*(-5 - 1). Calculate l(j).
-5
Let f(v) be the first derivative of -v**4/4 + v**3 - 4*v + 1. Suppose -4*a - b + 5 = 0, 3*a - 3*b = -b + 12. Let z be ((-9)/6)/(a/(-4)). Give f(z).
-4
Let h(c) = c**2 + 6*c - 8. Suppose 4 = -3*f - 17. Calculate h(f).
-1
Let d(z) be the third derivative of -13*z**8/20160 + z**7/5040 + z**6/720 + z**5/20 - 5*z**2. Let i(s) be the third derivative of d(s). Give i(-1).
-13
Let s = 11 - 8. Let h(u) = -2 + 6*u - 165*u**2 + 163*u**2 - u. Determine h(s).
-5
Let l(t) be the third derivative of t**7/2520 + t**6/180 + t**5/15 + 4*t**2. Let d(p) be the third derivative of l(p). Give d(5).
14
Let a(t) be the first derivative of t - 2/3*t**3 - 1 - 2*t**2. Calculate a(-3).
-5
Let d = 1 - -1. Let w(u) = -3*u**d + u**2 + u - 2*u. Let c = -13 + 11. What is w(c)?
-6
Let i(v) = 4*v - 4. Let p = -8 + 10. Suppose 0*w = p*w - 8. Suppose -8 - w = -4*q. What is i(q)?
8
Let j(n) = -n**3 - 7*n**2 - 2*n - 10. Suppose 3*q = 3*v - 9, v - 17 = 3*q - 0. What is j(q)?
4
Let k = 52 + -31. Suppose -4*u - k = a - 2, a + 15 = -3*u. Let q(y) = -y**3 - 4*y**2 - y + 3. Give q(u).
7
Let i(o) = -7. Let b(k) = -k - 8. Let p(h) = -4*b(h) + 5*i(h). Let v be (6/4)/((-3)/(-6)). Give p(v).
9
Let d(t) = 10 - 3 - 5*t + t**2 - 6. Calculate d(6).
7
Let r(p) = -p + 230*p**2 - 232*p**2 - p - 1 + 14*p**3. What is r(-1)?
-15
Let q be 0 + (0/(-4) - -3). Let v(y) = -y**3 + 3*y**2 - 3. Determine v(q).
-3
Let c(f) be the first derivative of f**4/4 - 5*f**3/3 - 7*f**2/2 + 6*f - 3. Let u(m) = 7*m**2 - 4*m + 3. Let y be u(1). Give c(y).
0
Let w(p) be the first derivative of p**3/3 + 3*p**2 - 6*p + 10. Determine w(-6).
-6
Let b(m) = -17*m - 24. Let a(o) = 4*o + 6. Let h(r) = 9*a(r) + 2*b(r). Determine h(-4).
-2
Suppose 0*h + 3*h - 10 = 2*j, -2*h = 2*j - 20. Let q(p) = p**2 - 7*p + 7. Determine q(h).
1
Let p(c) be the first derivative of c**2/2 + 6*c - 13. Calculate p(-4).
2
Let o(j) = j**2 + j - 2. Suppose -4*h = -4*c - 4, 3 = -3*c + 2*h - 2. Calculate o(c).
4
Let d(i) be the second derivative of -i**3/6 + i**2 + 3*i. Suppose -3 = 4*y + 9. Let x be d(y). Let k(b) = b - 4. Calculate k(x).
1
Let h(m) be the third derivative of 3*m**2 + 0*m**3 - 1/20*m**5 + 0*m + 0*m**4 + 0. Give h(-1).
-3
Let t(c) be the first derivative of -13*c**2/2 + 7*c + 3. Let h(y) = 3*y - 2. Let x(k) = 9*h(k) + 2*t(k). Give x(0).
-4
Let w(v) = -v**3 - 4*v**2 - 2*v - 5. Let k be w(-4). Let r(p) = -9*p + k*p + 0*p. Suppose -5*x + 4*m - 3 = 0, -2*x - m - 4 = -4*m. Determine r(x).
-6
Let y = 39 - 6. Let o be 6/y - 20/(-11). Let z(f) = f**3 - f**2 + f - 1. Determine z(o).
5
Let h(s) be the third derivative of s**4/4 - 11*s**2. Give h(-4).
-24
Let m = -112 - -118. Let n(t) = -4*t**3 + 4*t**2 - 5*t + 12. Let y(u) = 5*u**3 - 3*u**2 + 4*u - 13. Let w(a) = -4*n(a) - 3*y(a). What is w(m)?
3
Let o(m) = -m**3 - m**2 + 4*m - 2. Let w(d) = d. Let p(j) = o(j) - 5*w(j). Let r be 0/(-1 + -1) + 0. Determine p(r).
-2
Let g(n) = -n**2 + 3*n + 3. Let b = 32 + -34. Give g(b).
-7
Let a = 6 - 8. Let k(n) = -2*n**3 + n**2 - 2*n + 7. Let t(w) = w**2 + 1. Let j(m) = -k(m) + 5*t(m). Give j(a).
-6
Suppose 2 = p - 0*p. Let n(q) = q + 30*q**3 + 0*q**2 - 29*q**3 - q**p. What is n(1)?
1
Let v(w) be the second derivative of -w**4/12 + w**2/2 - 16*w. What is v(-1)?
0
Suppose 2*p + h + 3*h - 6 = 0, 5*h = 0. Let w(m) be the first derivative of 5/2*m**2 - 1 + 1/3*m**p + 4*m. Give w(-3).
-2
Let r(p) be the second derivative of -p**6/360 - p**5/60 + p**4/24 + 5*p**3/6 + 6*p. Let n(c) be the second derivative of r(c). Calculate n(1).
-2
Let a(d) = 3*d**2 + 4*d. Let s(v) = 6*v**2 + 8*v + 1. Let w(b) = -5*a(b) + 3*s(b). Calculate w(-2).
7
Let u(m) = -m + 8. Let l(s) = -s + 1. Let p(o) = 5*l(o) - u(o). Determine p(-3).
9
Let x = -11 + 3. Let q = x + 9. Let b = q + -1. Let g(w) = -w - 8. What is g(b)?
-8
Suppose 3 = -2*z + 7. Let a(q) be the third derivative of 0*q + 1/24*q**4 - 1/30*q**5 + 0*q**3 - q**2 + 0. What is a(z)?
-6
Let v(l) be the first derivative of -l**4/4 - 5*l**3/3 - 3*l**2/2 + 2*l + 2. Let c(s) = -s**2 - 4*s + 1. Let m be c(-5). Determine v(m).
-2
Let t(k) be the third derivative of -k**4/24 - k**3/2 + 11*k**2. Calculate t(3).
-6
Let p(r) = -1. Let d(c) = -c**2 - 7. Let u(x) = d(x) - 4*p(x). Let h be u(0). Let j(a) = a**2 + 3*a + 3. Calculate j(h).
3
Let a(o) = -o**3 - o**2 + 2*o - 1. Suppose -4*m + 0 = 12. Let j be (-1)/(m/6 - -1). Calculate a(j).
-1
Let o(v) be the second derivative of -v**6/180 + v**5/120 - v**3/6 - 2*v. Let b(f) be the second derivative of o(f). What is b(1)?
-1
Let y(w) = 2*w**2 - 2*w**2 + 4 + 6*w + w**2. Let z = 1 - 3. Let m(q) = -2*q**2 - q + 1. Let n be m(z). Determine y(n).
-1
Let u(q) = -q**3 - q**2 + q - 1. Let i be u(-2). Let w(r) = 0 - r - 3*r + i + 3*r. What is w(4)?
-3
Let x(i) = 2*i - 1. Let f be x(3). Suppose 0*u + 25 = f*u. Suppose 0 = u*k - 3*v + 26, -6 = -v - 2*v. Let g(c) = c**2 + 5*c + 6. Calculate g(k).
2
Let o be (-1 - 2) + (-7 - -16). Let n(j) = j**3 - 7*j**2 + 7*j + 1. Determine n(o).
7
Let v(f) = f - 5. Suppose 26 = 3*o - a, -4*o + 5*o + a = 2. Let n be v(o). Let g(j) = -1 - 2 + 0*j + n + 2*j. Determine g(-1).
-3
Let j = 18 - 13. Let p(m) = 4*m**2 - 9*m + 10. Let x(b) = b**2 - b + 1. Let w(v) = -p(v) + 3*x(v). Determine w(j).
-2
Let u(x) = -x**3 - 9*x**2 - x - 7. Let z be u(-9). Let v(r) be the first derivative of 2 - 3*r + 1/2*r**z. Calculate v(0).
-3
Let z(f) = 10*f + 1. Suppose u - 2 + 3 = 0. Calculate z(u).
-9
Let o(d) = -2*d + 9 + 3*d - 2*d. Calculate o(7).
2
Let w(z) be the second derivative of 3*z**8/2240 + z**6/720 - z**5/120 + z**4/12 - 3*z. Let k(j) be the third derivative of w(j). What is k(1)?
9
Suppose 2*n = 5*b - 27, b + 15 = -n + 4*b. Let c(p) = -p - 5. Calculate c(n).
1
Let i(o) = 5*o**2 + 6*o + 4. Let k(s) be the first derivative of -2*s**3/3 - s**2 - s - 5. Let g(j) = -3*i(j) - 8*k(j). Give g(4).
4
Let y(s) be the first derivative of s**4/4 + 4*s**3/3 + 5*s - 6. Determine y(-4).
5
Let c = -3 + 2. Let u(l) be the third derivative of -l**6/30 - l**4/12 - l**3/6 - 6*l**2. Give u(c).
5
Let z(d) = -2*d**2. Suppose -6*b = -2*b - 8. Suppose 0*o + b*l - 15 = 5*o, -4*o + l = 9. Let m be (0 - o)/((-9)/(-18)). What is z(m)?
-8
Let p(j) = -j**3 - 26*j**2 - j - 34. Let a be p(-26). Let u(x) = x**2 + 6*x - 3. Calculate u(a).
13
Let b(n) be the first derivative of -2*n**3/3 + 3*n**2/2 - n + 25. Suppose 3*l + q - 24 = 4*q, 0 = -2*q - 10. Determine b(l).
-10
Let v(i) be the first derivative of i**2/2 + i - 7. Give v(5).
6
Let q(g) = -7*g**2 + 2*g - 1. Let v(s) = -s**2 - 3*s - 1. Let r(d) = -d**2 - 5*d - 2. Let a be r(-5). Let w be v(a). Give q(w).
-6
Let l(n) = 5*n**2 - n**3 - 3*n**2 + 54*n - 56*n. Give l(2).
-4
Let s(i) = -4*i**2 - 2 + 0*i - i - 1 + i**3 - 1. Determine s(5).
16
Suppose 4*s + 12 = 28. Let k = s + -3. Let y = k + 1. Let o(t) = -t. Calculate o(y).
-2
Let c(a) be the third derivative of -a**6/120 + 7*a**5/60 - 7*a**4/24 + a**3 + a**2. Suppose 4*s - 34 = -5*f, 3*s + f = 4 + 16. Give c(s).
0
Let x(n) be the first derivative of n**3/3 - 3*n**2/2 + 5*n + 9. What is x(4)?
9
Let g(l) = l - 4. Let v be g(3). Let t = 2 + v. Let r(b) be the first derivative of b**2/2 + 5. Calculate r(t).
1
Suppose -2*v = 4*s - 1 - 1, -3 = -3*v - 5*s. Let i be (-2)/4*(v + -11). Let d(g) = -g + 8. Calculate d(i).
3
Suppose 12 = -2*y + 5*y. Suppose 4 = y*h - 0. Let f(q) be the second derivative of 5*q**3/6 + 19*q. Calculate f(h).
5
Let f be 4/12 - 3/9. Suppose f*k + 10 = 5*k. Let c(z) = -3 - z + 4 - 2 - k. Determine c(3).
-6
Let y(u) be the third derivative of u**6/120 - 3*u**5/20 - u**4/24 + 2*u**3/3 - 3*u**2. Let h be y(9). Let l(n) = -n**2 - 7*n - 5. Determine l(h).
5
Let r(c) = -c**2 + 6*c + 4. Suppose 0 = -4*z + 2*z + 14. What is r(z)?
-3
Suppose -2*x = -0*x + q - 26, -4*x = q - 50. Let c be ((-1)/(-2))/(3/x). Let k(m) = -3 + m**c + 6 - 4*m + 0. Calculate k(3).
0
Suppose m + 4 + 1 = -4*a, 3*a = -3*m - 15. Let u be -1*-7*(a + 1). Let l(n) = n**3 - 8*n**2 + 7*n + 5. Determine l(u).
5
Let j(i) = 9*i**3 - 2*i**2 + i. Suppose -k + 5 = 4. Give j(k).
8
Let h(p) be the second derivative of p**5/20 - 2*p**4/3 - 3*p**2/2 - 22*p. Calculate h(8).
-3
Let g(i) be the second derivative of 0 + 1/20*i**5 + 